 be the second derivative of l**3/3 - 4*l**2 - l. Calculate z(q).
6
Let p(h) = 9 - 6*h**2 - 1 - 10 - h**3 - 6*h. Let g be p(-5). Let i(x) = -x**2 + g*x + 4*x - 10*x. What is i(-4)?
-4
Suppose 33 = 3*d - 27. Let w(f) = 4 - 8*f - 11*f + 4 + d*f. Determine w(6).
14
Let y(m) = 4*m - 45. Let n = -2483 + 2491. Determine y(n).
-13
Let q = 6 + -1. Suppose -o + 4*o = 2*u + 10, 0 = -3*u + 2*o - q. Let h(y) be the first derivative of -2*y**4 - y**3/3 + y**2/2 - y + 6037. Determine h(u).
-9
Let c be (-15)/(-4) - 1/(-4). Let b(r) = -14*r**2 + 10 + 1089*r - 1078*r - 1. Let y(n) = 40*n**2 - 32*n - 26. Let j(i) = 17*b(i) + 6*y(i). What is j(c)?
9
Let k(f) = -f**3 - 24*f**2 - 51*f**2 + 140*f**2 + 2*f**3 - 23 - 37*f**2. What is k(-28)?
-23
Let o = -11 - -1. Let y(r) = 5*r**3 + 5*r**2 - 4*r + 87. Let h(w) = 6*w**3 + 4*w**2 - 3*w + 106. Let j(u) = -4*h(u) + 5*y(u). Calculate j(o).
-9
Let q(w) = 7*w. Let d(c) = c**2 + 33*c + 36. Let m be d(0). Let p be (m/90)/((-2)/20) + 0. What is q(p)?
-28
Let x = -85 - -89. Let m(n) = 3*n - 225 + 429 - 215. What is m(x)?
1
Suppose -6 = -27*n + 29*n. Let y be (2/2*n)/(4/8). Let q(r) = -8 - 3*r - 7*r**2 - 2*r**2 + 3*r**2 - r**3. Calculate q(y).
10
Let z(v) = 7*v**3 + 19*v**2 - 3*v + 13. Let m(x) = -10*x**3 - 28*x**2 + 4*x - 19. Let y(p) = 5*m(p) + 7*z(p). Let d = -4973 + 4966. Give y(d).
3
Let r(f) = -f**3 + 10*f**2 - 10*f - 55. Suppose 22 = -y - 5*m, -89 + 63 = -y + 3*m. Determine r(y).
-7
Let g be 1/((-2)/(-952)) + (-3 - 0). Suppose m - 5*r - g = -3*m, 4*m + 3*r - 465 = 0. Let q = -114 + m. Let k(f) = f**2 - 3*f + 2. Calculate k(q).
2
Let z(h) = 12*h - 4. Let n(x) = 6*x - 2. Let r(y) = -y**3 - 9*y**2 - 2*y + 9. Let i be r(-9). Let f = 32 - i. Let l(k) = f*n(k) - 2*z(k). What is l(2)?
10
Suppose -5*p + p + 13 = -3*s, -15 = 5*s. Let w(m) = -23*m**3 + m - 1. Determine w(p).
-23
Let d = -2085 + 2081. Suppose 10 = c - q, 0*c - 5*c + 2*q = -44. Let w(g) = -7*g**2 + 3*g - g + c*g**2. What is w(d)?
8
Let s(c) = 5*c + 60. Let t(m) = m - 8. Let g be t(19). Let x(j) = -2*j - 19. Let i(a) = g*x(a) + 4*s(a). Determine i(0).
31
Let a(o) = 2*o**2 + 88*o - 184. Let l be a(-46). Let s(v) be the third derivative of 0*v - 2/3*v**3 + 0 - 2*v**2 + l*v**4 - 1/60*v**5. Give s(0).
-4
Let w(o) = 0*o**3 + 5 - 3004*o**2 + 2999*o**2 + o**3 - o. Let p = 0 + 11. Suppose -1 = -3*z + p. Give w(z).
-15
Let g(t) be the first derivative of -t**5/20 - 7*t**4/12 + 3*t**3/2 - t**2/2 - 186*t + 69. Let v(q) be the first derivative of g(q). Give v(-8).
-9
Let q(v) = -6*v**3 - v**2 - v + 1. Let w = -87 - -86. Let c(j) = -j**3 - j**2 - j. Let u(h) = w*q(h) + c(h). Calculate u(-1).
-6
Suppose 2*f - 20 = -5*a, 5*a + 0 - 5 = f. Suppose -a = -4*s + 3*s. Let q(v) = 46*v**2 - 67*v**s + 1 - 1. Determine q(-1).
-21
Let l be 90/24 - 21/(-84). Let p(i) = i**3 - 6*i**2 + 8*i - 18. Calculate p(l).
-18
Let b = 253 - 255. Let j be -5 + (56/35 - b/5). Let t(q) = 17*q - 2. What is t(j)?
-53
Suppose 3*z - 7 = 16*z + 32. Let n(w) = -8*w**2 - w + 1. Determine n(z).
-68
Let g(z) = -z**3 - 9*z**2 + 9*z - 11. Let x be 73*1*(103 + -104). Let c be 2/2 - (x + 84). Determine g(c).
-1
Let y(d) = d**2 - d - 188. Let j be y(-12). Let q = 19 + j. Let n(s) = s + 21. Calculate n(q).
8
Let v(k) = -8*k - 16. Let d(t) = -2*t - 1. Let s(z) = 2*d(z) - v(z). Suppose 20 = -5*b - 5*r, 3 + 6 = -b + 4*r. Let p be s(b). Let c(h) = h - 2. Calculate c(p).
-8
Let a = 19 - 10. Suppose -2*w - 2*q = -20, -5*w = 4*q - 64 + 19. Let y(d) = 10 - 2*d + a - 21 + w. Determine y(5).
-7
Suppose -83 + 19 = -8*q. Suppose 4*d = 3*n + q*d + 6, -4*n = -5*d - 23. Let w(t) be the second derivative of t**3/3 + 2*t. What is w(n)?
4
Let u(j) be the third derivative of j**6/120 + j**5/20 + 5*j**4/24 + 17*j**3/6 + j**2 + 10*j. Give u(-3).
2
Let m(y) = 40*y**3 - 31*y**2 + 2*y + 72. Let q(x) = 23*x**3 - 16*x**2 + x + 37. Let l(j) = -4*m(j) + 7*q(j). Determine l(-12).
-17
Let g(o) = o**3 + 6*o**2 + o + 13. Let s be g(-6). Let p(z) be the first derivative of -z**4/4 + 7*z**3/3 - 10*z + 55. Determine p(s).
-10
Let v(b) = -b**3 + 3*b**2 + b + 6. Let x = 117 + -9. Suppose 9*j - x = -18*j. What is v(j)?
-6
Let u = -121 + 162. Let d(a) = -12 + u - a - 12. What is d(16)?
1
Let x be ((0 - 6) + 5)*-13. Let k(y) = -y**3 + 13*y**2 - y + 2. Give k(x).
-11
Let t(w) = -3*w**2 - 2*w + 43. Let g(b) = 4*b**2 + b - 65. Let u(a) = 2*g(a) + 3*t(a). Let v be (2/6)/((-6)/54). What is u(v)?
2
Let k(d) = -4*d**3 + 1520481*d + 5*d**3 - 5*d**2 - 10 - 1520472*d. What is k(5)?
35
Let x(s) = -2*s**2 + 11*s + 10. Let f be x(6). Let l(i) be the first derivative of 12 + 7/3*i**3 + 6*i + 3/2*i**2 + 1/4*i**f. Calculate l(-6).
24
Suppose 25*x - 28*x = 9. Let y be (-9)/x*(-6)/(6 + 0). Let b(q) = -q**3 - 2*q**2 + 2*q + 3. Give b(y).
6
Let a(u) = -u**3 - 15*u**2 - 41*u - 191. Let v be a(-13). Let j(x) = 3*x**2 - 15*x + 14. Give j(v).
2
Suppose 47 = -7*d - 58. Let f be d/(-5)*6/9. Let v(q) = -76 + 36 - q**2 + 39. What is v(f)?
-5
Let o(r) = -25*r + r**3 + 21*r - 35*r - 2 + 2*r**2 + 21*r - 6. Give o(-5).
7
Let p(q) = -2. Let c(w) = -7*w + 23. Let a(k) = c(k) + 4*p(k). Let g(u) = 2. Let n(s) = a(s) - 5*g(s). What is n(-4)?
33
Let r = -353 + 353. Let g(s) = 9 + r - 2*s - 5 + 7*s - s. What is g(-4)?
-12
Suppose -48*n + 24*n = -96. Let o be (0 - 1) + 4/1. Suppose o*c - 5*k + 1 = -7, 0 = n*c + k + 26. Let f(s) = -s - 7. What is f(c)?
-1
Let n(v) = -4*v**2 - 6*v + 4. Let c be n(1). Let w be (-12)/5*40/c. Suppose -45 = 5*t - 5*o, 5*o - w = 2*t + 17. Let y(h) = -2*h - 6. Calculate y(t).
2
Let g = -3276 + 3273. Let z(r) = r**3 + 3*r**2 - 5*r - 10. What is z(g)?
5
Let r(j) = 23*j + 0 - 11*j + j - 10*j + j**3 - 6*j**2 - 7. What is r(5)?
-17
Let m(x) = -3*x**2 - 44*x - 28. Let h = 4990 + -5004. Give m(h).
0
Let w(v) = v - 8. Let i(c) = -2*c + 19. Let p(b) = 3*i(b) + 7*w(b). Let g be 2/(-4)*(-3 - -5). Let y(t) = 4*t + 2. Let q(z) = g*y(z) + 6*p(z). Determine q(4).
12
Let q(t) be the first derivative of t**4/4 - t**3 - 2*t**2 + 2*t - 13. Let i be 1*6/3 + 9/9. Determine q(i).
-10
Let g(a) = 4*a**2 + a - 1. Let d(j) = -25*j**2 + 4*j + 14. Let o(k) = d(k) + 6*g(k). Calculate o(10).
8
Suppose b - 4*d + 26 = 3*b, -5*b + 2*d = -5. Let q(o) = -1 - 5*o**3 + 5 + 4*o**b + 10*o - 5*o - 4*o + 3*o**2. Calculate q(4).
-8
Let c(q) = -5*q**3 + 2*q**2 - q. Suppose 0*h - 34 = -h + 4*g, -h + 2*g + 30 = 0. Suppose -k + 0*d = 5*d - h, -k = 4*d - 21. Determine c(k).
-4
Let d(t) be the first derivative of 5*t**3/3 - 2*t**2 + 4*t - 307. Calculate d(5).
109
Suppose -r + 32 = -9*r. Let p(w) = 1. Let c(g) = -3*g + 4. Let b(z) = -c(z) + 4*p(z). Give b(r).
-12
Let n(r) be the third derivative of -2/3*r**3 - 1/60*r**5 + 0*r - 20*r**2 + 1/8*r**4 + 0. Let m(p) be the first derivative of n(p). Determine m(4).
-5
Let f(b) = -b + 8. Let y be 15/(-2) + 1 + (-2)/4. Let l(u) = -2*u**2 - u + 16. Let m be l(y). Let i = m - -84. Give f(i).
-1
Let t be 8/(-6)*(-9)/6*1. Let a(s) = -3*s + 23*s + t - 21*s - 1. Give a(-6).
7
Let r(m) = 7*m**3 + 6*m**2 + 5*m + 306. Let z(a) = a**3 - a + 50. Let x(h) = r(h) - 6*z(h). Give x(-3).
0
Let r = 349/694 + -1/347. Let d(x) be the first derivative of 1 - 4*x + r*x**2. Calculate d(5).
1
Let q(h) = 2*h**3 + 2*h**2 - 2*h + 1. Let m be q(1). Suppose m*a - 6 = -27. Let n(z) be the first derivative of -z**2/2 - 5*z - 878. Give n(a).
2
Let i(a) = a**3 + 8*a**2 + 6*a - 10. Let z be (-5)/(-4)*-4 + 9. Let w = 22 - -9. Suppose 0 = -3*p + 5*y - w, y = z*p - 2*y + 34. What is i(p)?
-3
Suppose k + 11 = 3*m, -2*m = -k - 20 + 14. Let n(t) = -5*t**3 + 2*t**2 - 12*t + 4. Let q(v) = 4*v**3 - v**2 + 11*v - 4. Let p(x) = -5*n(x) - 6*q(x). Give p(m).
-1
Let r(c) be the first derivative of c**4/4 - 16*c**3/3 + 15*c**2/2 + 20*c + 6109. Calculate r(15).
20
Let y(b) = b**3 - 109*b**2 + 712*b + 221. Let n be y(102). Let m = 11 + 3. Let j = m - n. Let f(u) = -2*u - 3. What is f(j)?
3
Let f(v) = v**2 - 6. Let x be f(-3). Let q(u) = -10*u**2 - 7 + 16*u**2 - x*u + 9. Determine q(2).
20
Let z(f) = f - 11. Let y = 966 + -969. Give z(y).
-14
Let q be 4/6 - 8/60*-10. Let l(n) be the second derivative of 0 - 1/12*n**4 + 1/3*n**3 + 3/2*n**q - 22*n. Calculate l(-2).
-5
Let t(o) = o. Let z be 18/(-63)*(-1 - 20). Suppose 0 = -3*i + 12, 0 = 3*f - 5*i + z - 1. Give t(f).
5
Let o(w) = -318*w - 315*w + 969*w - 328*w + 90. Calculate o(-10)